(138/(-10))/(5/(-25)) composite?
True
Let o = 173 - 7. Is o composite?
True
Let b = 951 - 502. Is b a prime number?
True
Suppose -2*r - 306 = -4*r. Let j = 10 + r. Is j a prime number?
True
Suppose 0 = -3*z + 4*m - 62 - 31, 2*z + 3*m + 79 = 0. Let c = z + 92. Is c prime?
False
Let l be 2/(-2) - (-8)/4. Suppose -u - 2 = l, -u - 119 = -y. Is y/8 - (-2)/(-4) a prime number?
False
Let v be (-35)/(-15) - 1/3. Let y(c) = 5*c**2 + 2*c - 5 + 2 + v. Is y(-3) prime?
False
Let p = 34 + 49. Is p prime?
True
Suppose -n + 0*n - g = 0, -2*n - 4*g - 2 = 0. Is (60 - 2)/(1/n) prime?
False
Let l(b) be the first derivative of -41*b**2 + 5*b - 4. Is l(-5) composite?
True
Suppose 0 = 4*w + 4*d + 20, 2*w - 4*d = -3*w - 7. Is (-2)/8*(-511 - w) prime?
True
Suppose 0*q = 2*q - 2. Let y be -2*4/(q - 2). Suppose -140 = -4*n + y. Is n a composite number?
False
Is (-4)/6 + 1043/3 composite?
False
Let m(i) = 3*i - 28. Is m(13) a composite number?
False
Suppose -3*o + 15 = 3. Suppose 3*h = -4*c + 90, 0 = -2*h - 0*h - o*c + 56. Is h a composite number?
True
Let g(w) be the third derivative of 11*w**6/20 + w**5/60 - w**4/24 + w**3/6 - 8*w**2. Let y = 2 - 1. Is g(y) composite?
False
Suppose -11 - 5 = -4*x - u, 3*x - u = 12. Suppose -2*z = -5*g + 84, -3*g = x*z - g + 216. Is ((-14)/(-4))/((-2)/z) prime?
False
Is 1*(84 - (0 - -1)) a composite number?
False
Let k = 2 + 51. Is k composite?
False
Let k be (-2)/(-2) + (1 - -31). Suppose v - k = 65. Suppose 2*d + 3*f = -2*d + 83, -4*d + v = -2*f. Is d a prime number?
True
Let z(t) = 2*t + 6. Let g be z(-8). Let p = -5 - g. Suppose -10 = -p*w, 2*w + 42 - 221 = -5*m. Is m a prime number?
False
Is ((-1363)/(-2))/((-1)/(-2)) a composite number?
True
Let h be 10/(-25) + (-18)/5. Let r(o) = o**2 + 3*o + 2. Let u be r(h). Let j = 53 + u. Is j prime?
True
Let k be (-418)/(-6) - 2/3. Let t be 1/3 + (-184)/(-24). Suppose 0 = -j + k + t. Is j a prime number?
False
Let f = 1320 - 664. Suppose 0 = -4*k - 60 + f. Suppose k = 3*p - 46. Is p a composite number?
True
Suppose -2 - 2 = -5*t + 2*l, 0 = -5*t - 3*l + 19. Suppose t = x + 3. Is 0 + x - 4*-11 a composite number?
False
Let f = -196 - -309. Is f a composite number?
False
Suppose 2*o = 23 + 33. Let l = o - 14. Is l a composite number?
True
Let g(i) = 2*i + 6. Suppose -3*s + 16 = 5*k, -5*s + 3*k + 3 = -1. Is g(s) a prime number?
False
Let l be ((-1)/2)/((-1)/4). Suppose g + l*t - 86 = 25, -3*g = 2*t - 349. Is g a composite number?
True
Let c(m) = 174*m**3 - m**2 + 7*m - 5. Is c(2) composite?
True
Let t = 440 - -293. Is t prime?
True
Suppose b - 2353 = -5*x - b, 0 = -4*x - 2*b + 1884. Is x composite?
True
Let k(j) = 589*j**2 + 2*j. Is k(-1) a composite number?
False
Let j be 2/3 - 4/6. Suppose -8*c = -3*c - 190. Suppose -2*k = -j*k - c. Is k prime?
True
Let c be (-28)/(-3) - 10/(-15). Suppose 5*k = c*k - 745. Is k prime?
True
Let o(m) = m + 7. Let h be o(-8). Let w(l) = -36*l - 1. Is w(h) a composite number?
True
Let r be 4/14 - 33/(-7). Suppose -r*d + 58 = -7. Is d prime?
True
Is 268*(-49)/28*(1 - 2) a composite number?
True
Suppose -2*k - 2*v = -v - 1319, -2 = 2*v. Suppose -3*i = 87 - k. Is i a prime number?
True
Suppose 4*c = 6*c. Suppose -2*g + c*w + w + 255 = 0, -3*g + 385 = -4*w. Is g a prime number?
True
Let s be -1*3/(-3)*0. Suppose s = 5*l - l. Suppose -t + 5*v + 14 = l, 2*v + 11 = t - 0. Is t prime?
False
Let l be 2*6*(-9)/(-12). Suppose -3*b + l = -6, 219 = -z + 5*b. Is z/(-10) - 4/10 composite?
False
Suppose 127 = 2*b + 21. Is b composite?
False
Let y(b) = 967*b. Is y(2) a composite number?
True
Let d be (-2)/(-3) + (-30)/(-9). Suppose 4*s + s = -3*g + 361, 276 = d*s - 4*g. Is s a prime number?
True
Let z be ((-8)/5)/(10/(-25)). Suppose 0 = l + 2*p - 31 - 13, l = z*p + 14. Is l a prime number?
False
Let f(i) be the second derivative of 5*i**4/12 + i**3/2 + 5*i**2/2 + i. Is f(6) a composite number?
True
Suppose -4*p - 5*a = -3997, -p - a = -3*p + 1981. Is p prime?
False
Is (-982)/((-13)/(-5) - 3) prime?
False
Let t(g) = -g - 6. Let c be t(-6). Let q be c - (-1 - 8)/3. Suppose 2*s - q*f - 262 = 0, 2*s - f - 262 = -0*f. Is s prime?
True
Suppose -2*s + 2*b + 1184 = 0, 0*b = -2*s - 4*b + 1154. Is s a prime number?
True
Let i(m) = -m**2 + m + 1. Let t(b) = -b**3 - 9*b**2 + 10*b - 18. Let x(f) = -5*i(f) - t(f). Is x(-14) composite?
False
Let o(d) = -5*d**3 - d**2. Let n be o(-1). Let m(b) be the first derivative of b**4/4 + 2*b**3/3 - 5*b**2/2 + b + 7. Is m(n) prime?
False
Let r(x) = 2*x**2 - 3*x - 1. Let c(q) = 4*q**2 - 5*q - 3. Let i(h) = 3*c(h) - 5*r(h). Is i(-3) a composite number?
True
Let r(p) be the third derivative of p**5/60 + p**4/12 + p**3/3 - p**2. Is r(-7) composite?
False
Let u = -20 + 33. Suppose -2*b + 5*z - 21 = 0, -b + 5*b - u = -z. Suppose b*p - 138 = -4*g - 0*g, -g + 30 = 5*p. Is g a composite number?
True
Let h(s) = 9*s**2 - 2*s - 1. Let p be h(-1). Suppose -p*x = -8*x - 134. Is x prime?
True
Let d(q) = -48*q - 13. Is d(-8) a prime number?
False
Let c = -23 - -3. Is 8/c - 1494/(-10) prime?
True
Let s(j) = -j**3 - 3*j**2. Let c be s(-3). Let f(t) = t**2 + t + 53. Is f(c) a composite number?
False
Let i = 1878 + -1079. Is i composite?
True
Let k(j) = -j**3 + 13*j**2 - 6*j - 7. Is k(9) prime?
True
Suppose 0 = -0*u + u - 470. Suppose 0 = -h - h + u. Is (-1 - 1)*h/(-10) a composite number?
False
Suppose -o + 1823 = -4*z, -o - 4*z + 1847 = -0*o. Is o prime?
False
Let u = -2070 + 5761. Is u a prime number?
True
Suppose -2*q = -3*p + 2, 6 = -p + q + 3*q. Suppose -143 = -3*x + p*x. Is x composite?
True
Suppose 4*k - 6 = -2*q, -k - 3 = 2*k. Let m be ((-6)/5)/((-2)/q). Let h = 26 - m. Is h composite?
False
Let r(z) = 15*z**2 + 11*z. Let i(k) = -7*k**2 - 5*k. Let h(c) = -13*i(c) - 6*r(c). Let g be h(1). Suppose g = 2*s - 14. Is s composite?
False
Let w = 3370 + -1509. Is w prime?
True
Suppose -4*x = 0, -3*k + 2*k + 3*x = -2819. Is k composite?
False
Suppose 3211 = 10*n - 979. Is n a prime number?
True
Let m(u) = -u**2 - 7*u + 6. Let f be m(-7). Suppose 2*w = 4*y - f, -2*y + 0*y + 5*w = 9. Suppose -y*d - 7 = -4*d. Is d a composite number?
False
Let g(t) = 32 + 12 + 2*t + 30. Is g(0) prime?
False
Let q(x) = 10*x + 3. Suppose -u = -0*u - 3. Let j be q(u). Let p = j - 14. Is p a composite number?
False
Let j = 0 - 6. Let m(d) = -1 - 1 - 5*d + 9. Is m(j) a prime number?
True
Suppose 2*f + 315 = n + 3*f, 4*f + 1244 = 4*n. Let d = n - 156. Is d prime?
True
Is (1*(-26)/(-6) - 4)*2082 prime?
False
Let j = 3 - 1. Let y(x) = 7 - 6*x**3 + 6*x**2 + j*x**2 + 5*x**3 + 6*x. Is y(8) composite?
True
Let u = -233 + 366. Is u prime?
False
Let w(l) = 6*l - 4 + 6 - 3 + 8. Is w(8) prime?
False
Suppose -3*d - 3 = 0, 5*d = 5*v - 4*v - 84. Is v a composite number?
False
Let x = -6 + 6. Suppose 0 = -2*p + 5*f + 559, -4*f + x*f = -12. Is p composite?
True
Let u(d) = -d**3 + 6*d**2 - 3*d - 6. Let g be u(5). Suppose 7 + 57 = 2*w - 5*o, 140 = g*w - 4*o. Is w a prime number?
True
Let f = 121 + -175. Let a = f + 77. Is a a composite number?
False
Let c = -17 - -8. Is 0 - 2 - (-194 + c) a prime number?
False
Let n = -343 + 599. Suppose p = o + 68, 3*o - n = -3*p - 70. Is p a composite number?
True
Let f = 47 + 450. Is f composite?
True
Suppose j = 4 - 0. Suppose -2*i + 5*k + 455 + 19 = 0, 4*k - 976 = -j*i. Suppose -i = 2*m - 4*m. Is m a composite number?
True
Let g = 11 + -6. Suppose p - 2*p + 23 = 2*s, 0 = 4*p + g*s - 80. Is p a prime number?
False
Let m(d) = 61*d + 2. Let u = -5 + 0. Let q(p) = -61*p - 2. Let c(n) = u*q(n) - 4*m(n). Is c(5) a composite number?
False
Suppose 5*a = -0*a - 35. Let h = 4 + a. Is (3/h)/(2/(-44)) composite?
True
Suppose 0*g + 10 = 5*g. Let a be (-6 - -35)/(g/20). Suppose -a = -4*n - n. Is n prime?
False
Let f(h) = h**2 + 7*h + 6. Let i be f(-6). Is 7*(i - (-3)/3) prime?
True
Let j = 25930 + -36849. Is (-14)/63 + j/(-9) composite?
False
Let r be (-1668)/15*10/(-4). Let k = r - 85. Let f = k + -114. Is f prime?
True
Let z(w) = -49*w + 27. Is z(-8) prime?
True
Suppose 3*m - 15965 = -0*g - 4*g, 5*g - 2*m = 19939. Is g a prime number?
True
Let t(a) = -a**3 + 4*a**2 + a - 3. Let r be t(4). Let i(n) be the first derivative of 81*n**4/2 - 2*n**3/3 + n**2 - n + 17. Is i(r) composite?
True
Let i(a) = a - 4. Let h be i(6). Let n = -2 + 2. Suppose -m - h*m + 21 = n. Is m composite?
False
Let x(